8511 is divided by 152.
151
Calculate the remainder when 68 is divided by 18.
14
What is the remainder when 226 is divided by 19?
17
What is the remainder when 358 is divided by 59?
4
Calculate the remainder when 84 is divided by 38.
8
What is the remainder when 1185 is divided by 99?
96
What is the remainder when 82 is divided by 59?
23
Calculate the remainder when 678 is divided by 112.
6
Calculate the remainder when 204 is divided by 53.
45
What is the remainder when 7375 is divided by 60?
55
What is the remainder when 1710 is divided by 554?
48
Calculate the remainder when 242 is divided by 50.
42
What is the remainder when 261 is divided by 54?
45
Calculate the remainder when 6148 is divided by 38.
30
Calculate the remainder when 892 is divided by 69.
64
What is the remainder when 68 is divided by 27?
14
What is the remainder when 3079 is divided by 14?
13
What is the remainder when 444 is divided by 142?
18
What is the remainder when 489 is divided by 286?
203
What is the remainder when 102 is divided by 26?
24
Calculate the remainder when 416 is divided by 28.
24
What is the remainder when 914 is divided by 27?
23
What is the remainder when 495 is divided by 37?
14
What is the remainder when 312 is divided by 193?
119
What is the remainder when 70 is divided by 64?
6
Calculate the remainder when 1922 is divided by 114.
98
What is the remainder when 180 is divided by 51?
27
What is the remainder when 422 is divided by 55?
37
Calculate the remainder when 2415 is divided by 73.
6
Calculate the remainder when 80 is divided by 30.
20
Calculate the remainder when 390 is divided by 66.
60
Calculate the remainder when 1068 is divided by 21.
18
Calculate the remainder when 456 is divided by 77.
71
Calculate the remainder when 2489 is divided by 359.
335
What is the remainder when 1149 is divided by 235?
209
Calculate the remainder when 780 is divided by 13.
0
What is the remainder when 144 is divided by 44?
12
Calculate the remainder when 840 is divided by 37.
26
Calculate the remainder when 622 is divided by 78.
76
What is the remainder when 271 is divided by 59?
35
What is the remainder when 14 is divided by 4?
2
Calculate the remainder when 638 is divided by 32.
30
What is the remainder when 2078 is divided by 413?
13
Calculate the remainder when 1257 is divided by 627.
3
What is the remainder when 242 is divided by 82?
78
Calculate the remainder when 359 is divided by 30.
29
What is the remainder when 184 is divided by 21?
16
What is the remainder when 156 is divided by 48?
12
Calculate the remainder when 16765 is divided by 243.
241
Calculate the remainder when 230 is divided by 85.
60
Calculate the remainder when 661 is divided by 35.
31
What is the remainder when 4580 is divided by 158?
156
What is the remainder when 324 is divided by 41?
37
What is the remainder when 1053 is divided by 88?
85
What is the remainder when 63918 is divided by 33?
30
What is the remainder when 12273 is divided by 361?
360
What is the remainder when 928 is divided by 30?
28
Calculate the remainder when 393 is divided by 34.
19
Calculate the remainder when 1439 is divided by 103.
100
What is the remainder when 283 is divided by 1?
0
Calculate the remainder when 1376 is divided by 277.
268
What is the remainder when 56 is divided by 20?
16
What is the remainder when 1817 is divided by 70?
67
Calculate the remainder when 1890 is divided by 941.
8
Calculate the remainder when 26997 is divided by 200.
197
What is the remainder when 66 is divided by 51?
15
Calculate the remainder when 157 is divided by 80.
77
Calculate the remainder when 1525 is divided by 497.
34
Calculate the remainder when 181 is divided by 84.
13
Calculate the remainder when 67 is divided by 24.
19
Calculate the remainder when 171 is divided by 25.
21
Calculate the remainder when 407 is divided by 50.
7
What is the remainder when 617 is divided by 69?
65
Calculate the remainder when 135 is divided by 20.
15
What is the remainder when 1506 is divided by 150?
6
Calculate the remainder when 278 is divided by 8.
6
Calculate the remainder when 9246 is divided by 68.
66
What is the remainder when 20 is divided by 8?
4
What is the remainder when 228 is divided by 36?
12
Calculate the remainder when 607 is divided by 32.
31
Calculate the remainder when 124 is divided by 19.
10
Calculate the remainder when 778 is divided by 16.
10
Calculate the remainder when 1591 is divided by 93.
10
What is the remainder when 5300 is divided by 86?
54
Calculate the remainder when 113 is divided by 48.
17
What is the remainder when 471 is divided by 65?
16
What is the remainder when 900 is divided by 30?
0
Calculate the remainder when 150 is divided by 41.
27
Calculate the remainder when 4355 is divided by 20.
15
What is the remainder when 196 is divided by 43?
24
Calculate the remainder when 453 is divided by 126.
75
What is the remainder when 333 is divided by 5?
3
Calculate the remainder when 1369 is divided by 450.
19
Calculate the remainder when 928 is divided by 94.
82
Calculate the remainder when 1031 is divided by 94.
91
What is the remainder when 4568 is divided by 34?
12
Calculate the remainder when 4277 is divided by 138.
137
Calculate the remainder when 137 is divided by 29.
21
What is the remainder when 893 is divided by 21?
11
What is the remainder when 186 is divided by 51?
33
What is the remainder when 440 is divided by 220?
0
What is the remainder when 109 is divided by 24?
13
Calculate the remainder when 446 is divided by 64.
62
What is the remainder when 110 is divided by 7?
5
What is the remainder when 1464 is divided by 488?
0
Calculate the remainder when 527 is divided by 172.
11
Calculate the remainder when 647 is divided by 35.
17
Calculate the remainder when 1298 is divided by 263.
246
What is the remainder when 1130 is divided by 142?
136
What is the remainder when 459 is divided by 257?
202
Calculate the remainder when 813 is divided by 103.
92
Calculate the remainder when 17699 is divided by 26.
19
What is the remainder when 1400 is divided by 88?
80
Calculate the remainder when 1860 is divided by 914.
32
What is the remainder when 45 is divided by 23?
22
Calculate the remainder when 496 is divided by 36.
28
Calculate the remainder when 1689 is divided by 26.
25
What is the remainder when 980 is divided by 296?
92
Calculate the remainder when 1019 is divided by 11.
7
Calculate the remainder when 162 is divided by 37.
14
What is the remainder when 677 is divided by 20?
17
What is the remainder when 36 is divided by 14?
8
What is the remainder when 2979 is divided by 15?
9
Calculate the remainder when 1129 is divided by 18.
13
What is the remainder when 1005 is divided by 31?
13
What is the remainder when 1355 is divided by 667?
21
Calculate the remainder when 105 is divided by 105.
0
Calculate the remainder when 15165 is divided by 64.
61
What is the remainder when 255 is divided by 40?
15
What is the remainder when 100 is divided by 38?
24
Calculate the remainder when 547 is divided by 66.
19
Calculate the remainder when 221 is divided by 33.
23
What is the remainder when 6746 is divided by 14?
12
Calculate the remainder when 392 is divided by 82.
64
What is the remainder when 13 is divided by 3?
1
Calculate the remainder when 233 is divided by 34.
29
Calculate the remainder when 163 is divided by 15.
13
Calculate the remainder when 46 is divided by 25.
21
Calculate the remainder when 1419 is divided by 376.
291
Calculate the remainder when 140 is divided by 77.
63
Calculate the remainder when 174 is divided by 21.
6
What is the remainder when 31 is divided by 16?
15
Calculate the remainder when 4137 is divided by 36.
33
Calculate the remainder when 25 is divided by 23.
2
Calculate the remainder when 649 is divided by 167.
148
What is the remainder when 125 is divided by 7?
6
What is the remainder when 927 is divided by 18?
9
Calculate the remainder when 922 is divided by 242.
196
What is the remainder when 1083 is divided by 139?
110
What is the remainder when 3534 is divided by 188?
150
What is the remainder when 2555 is divided by 36?
35
What is the remainder when 2621 is divided by 25?
21
Calculate the remainder when 49 is divided by 40.
9
What is the remainder when 466 is divided by